{"version":"1.0","provider_name":"Consolata Am\u00e9rica","provider_url":"https:\/\/consolataamerica.org\/pt","author_name":"conteudo","author_url":"https:\/\/consolataamerica.org\/pt\/author\/conteudo\/","title":"Solenidade da Imaculada Concei\u00e7\u00e3o de Nossa Senhora - Consolata Am\u00e9rica","type":"rich","width":600,"height":338,"html":"<blockquote class=\"wp-embedded-content\" data-secret=\"y4ZIwzP60N\"><a href=\"https:\/\/consolataamerica.org\/pt\/solenidade-da-imaculada-conceicao-de-nossa-senhora\/\">Solenidade da Imaculada Concei\u00e7\u00e3o de Nossa Senhora<\/a><\/blockquote><iframe sandbox=\"allow-scripts\" security=\"restricted\" src=\"https:\/\/consolataamerica.org\/pt\/solenidade-da-imaculada-conceicao-de-nossa-senhora\/embed\/#?secret=y4ZIwzP60N\" width=\"600\" height=\"338\" title=\"&#8220;Solenidade da Imaculada Concei\u00e7\u00e3o de Nossa Senhora&#8221; &#8212; Consolata Am\u00e9rica\" data-secret=\"y4ZIwzP60N\" frameborder=\"0\" marginwidth=\"0\" marginheight=\"0\" scrolling=\"no\" class=\"wp-embedded-content\"><\/iframe><script type=\"text\/javascript\">\n\/* <![CDATA[ *\/\n\/*! This file is auto-generated *\/\n!function(d,l){\"use strict\";l.querySelector&&d.addEventListener&&\"undefined\"!=typeof URL&&(d.wp=d.wp||{},d.wp.receiveEmbedMessage||(d.wp.receiveEmbedMessage=function(e){var t=e.data;if((t||t.secret||t.message||t.value)&&!\/[^a-zA-Z0-9]\/.test(t.secret)){for(var s,r,n,a=l.querySelectorAll('iframe[data-secret=\"'+t.secret+'\"]'),o=l.querySelectorAll('blockquote[data-secret=\"'+t.secret+'\"]'),c=new RegExp(\"^https?:$\",\"i\"),i=0;i<o.length;i++)o[i].style.display=\"none\";for(i=0;i<a.length;i++)s=a[i],e.source===s.contentWindow&&(s.removeAttribute(\"style\"),\"height\"===t.message?(1e3<(r=parseInt(t.value,10))?r=1e3:~~r<200&&(r=200),s.height=r):\"link\"===t.message&&(r=new URL(s.getAttribute(\"src\")),n=new URL(t.value),c.test(n.protocol))&&n.host===r.host&&l.activeElement===s&&(d.top.location.href=t.value))}},d.addEventListener(\"message\",d.wp.receiveEmbedMessage,!1),l.addEventListener(\"DOMContentLoaded\",function(){for(var e,t,s=l.querySelectorAll(\"iframe.wp-embedded-content\"),r=0;r<s.length;r++)(t=(e=s[r]).getAttribute(\"data-secret\"))||(t=Math.random().toString(36).substring(2,12),e.src+=\"#?secret=\"+t,e.setAttribute(\"data-secret\",t)),e.contentWindow.postMessage({message:\"ready\",secret:t},\"*\")},!1)))}(window,document);\n\/* ]]> *\/\n<\/script>\n","thumbnail_url":"https:\/\/consolataamerica.org\/pt\/wp-content\/uploads\/2020\/12\/Imaculada.jpeg","thumbnail_width":698,"thumbnail_height":393,"description":"Leituras: Gn 3,9-15.20 - Sl 97 - Ef 1,3-6.11-12 - Lc 1,26-38. O tema da Imaculada \u00e9 central no Advento, que se prepara para reviver o \"mist\u00e9rio da Reden\u00e7\u00e3o\" em acontecimentos nos quais a gra\u00e7a irrompe superabundantemente."}

Consolata América

Solenidade da Imaculada Conceição de Nossa Senhora - Consolata América

<blockquote class="wp-embedded-content" data-secret="y4ZIwzP60N"><a href="https://consolataamerica.org/pt/solenidade-da-imaculada-conceicao-de-nossa-senhora/">Solenidade da Imaculada Conceição de Nossa Senhora</a></blockquote><iframe sandbox="allow-scripts" security="restricted" src="https://consolataamerica.org/pt/solenidade-da-imaculada-conceicao-de-nossa-senhora/embed/#?secret=y4ZIwzP60N" width="600" height="338" title="&#8220;Solenidade da Imaculada Conceição de Nossa Senhora&#8221; &#8212; Consolata América" data-secret="y4ZIwzP60N" frameborder="0" marginwidth="0" marginheight="0" scrolling="no" class="wp-embedded-content"></iframe><script type="text/javascript">
/* <![CDATA[ */
/*! This file is auto-generated */
!function(d,l){"use strict";l.querySelector&&d.addEventListener&&"undefined"!=typeof URL&&(d.wp=d.wp||{},d.wp.receiveEmbedMessage||(d.wp.receiveEmbedMessage=function(e){var t=e.data;if((t||t.secret||t.message||t.value)&&!/[^a-zA-Z0-9]/.test(t.secret)){for(var s,r,n,a=l.querySelectorAll('iframe[data-secret="'+t.secret+'"]'),o=l.querySelectorAll('blockquote[data-secret="'+t.secret+'"]'),c=new RegExp("^https?:$","i"),i=0;i<o.length;i++)o[i].style.display="none";for(i=0;i<a.length;i++)s=a[i],e.source===s.contentWindow&&(s.removeAttribute("style"),"height"===t.message?(1e3<(r=parseInt(t.value,10))?r=1e3:~~r<200&&(r=200),s.height=r):"link"===t.message&&(r=new URL(s.getAttribute("src")),n=new URL(t.value),c.test(n.protocol))&&n.host===r.host&&l.activeElement===s&&(d.top.location.href=t.value))}},d.addEventListener("message",d.wp.receiveEmbedMessage,!1),l.addEventListener("DOMContentLoaded",function(){for(var e,t,s=l.querySelectorAll("iframe.wp-embedded-content"),r=0;r<s.length;r++)(t=(e=s[r]).getAttribute("data-secret"))||(t=Math.random().toString(36).substring(2,12),e.src+="#?secret="+t,e.setAttribute("data-secret",t)),e.contentWindow.postMessage({message:"ready",secret:t},"*")},!1)))}(window,document);
/* ]]> */
</script>

Leituras: Gn 3,9-15.20 - Sl 97 - Ef 1,3-6.11-12 - Lc 1,26-38. O tema da Imaculada é central no Advento, que se prepara para reviver o "mistério da Redenção" em acontecimentos nos quais a graça irrompe superabundantemente.
